9847
List the prime factors of 1233828481.
653, 1889477
What are the prime factors of 320411839?
11, 19, 113, 13567
List the prime factors of 46595122.
2, 7, 787, 4229
List the prime factors of 1123555643.
7, 43, 533249
List the prime factors of 7023040015.
5, 19, 73926737
What are the prime factors of 211547036?
2, 52886759
What are the prime factors of 234414020?
2, 5, 17, 19, 131, 277
What are the prime factors of 1669081723?
1669081723
What are the prime factors of 194180540?
2, 5, 9709027
What are the prime factors of 2845256531?
13, 47, 4656721
List the prime factors of 110852915.
5, 22170583
List the prime factors of 940676943.
3, 59, 769, 6911
List the prime factors of 7186836496.
2, 7, 17, 23, 164113
List the prime factors of 135363560.
2, 5, 107, 31627
List the prime factors of 44930994.
2, 3, 7488499
List the prime factors of 477582163.
15619, 30577
List the prime factors of 444663438.
2, 3, 29, 1087, 2351
List the prime factors of 23407092.
2, 3, 499, 1303
What are the prime factors of 214661838?
2, 3, 197, 181609
List the prime factors of 40954550.
2, 5, 7, 13, 9001
What are the prime factors of 3110868?
2, 3, 86413
List the prime factors of 1453892134.
2, 37, 71, 276721
What are the prime factors of 39792109?
7, 83, 68489
What are the prime factors of 973470334?
2, 383, 1270849
What are the prime factors of 197926132?
2, 23, 71, 157, 193
List the prime factors of 317327752.
2, 7, 181, 31307
List the prime factors of 17554875.
3, 5, 13, 277
What are the prime factors of 10682829?
3, 1186981
List the prime factors of 76932674.
2, 7, 13, 422707
What are the prime factors of 6527522760?
2, 3, 5, 11, 73, 67741
What are the prime factors of 80620924?
2, 41, 491591
List the prime factors of 10142402.
2, 23, 29, 7603
List the prime factors of 1129342531.
563, 2005937
List the prime factors of 38371074.
2, 3, 7, 17, 61, 881
List the prime factors of 1075968157.
11, 19, 5148173
What are the prime factors of 124984758?
2, 3, 3307, 6299
What are the prime factors of 11291095?
5, 487, 4637
What are the prime factors of 2326755828?
2, 3, 193896319
What are the prime factors of 294904219?
17, 29, 20627
What are the prime factors of 5137488372?
2, 3, 139, 3080029
List the prime factors of 1759506014.
2, 7, 17954143
List the prime factors of 2701368933.
3, 5821, 154691
List the prime factors of 2056739983.
107, 607, 31667
What are the prime factors of 17018671?
53, 107, 3001
What are the prime factors of 6910697555?
5, 109, 12680179
List the prime factors of 168290729.
271, 620999
What are the prime factors of 124437338?
2, 7283, 8543
What are the prime factors of 1206521376?
2, 3, 173, 72647
List the prime factors of 29800354.
2, 17, 876481
List the prime factors of 130204602.
2, 3, 11, 41, 43, 373
What are the prime factors of 166166805?
3, 5, 7, 1582541
List the prime factors of 2495361.
3, 11, 75617
What are the prime factors of 683107387?
599, 1140413
What are the prime factors of 3904579773?
3, 41, 10581517
List the prime factors of 96914975.
5, 3876599
What are the prime factors of 128239343?
31, 4136753
What are the prime factors of 235964169?
3, 7, 71, 743
List the prime factors of 87224033.
13, 6709541
What are the prime factors of 81297737?
97, 113, 7417
List the prime factors of 251771152.
2, 15735697
List the prime factors of 323416105.
5, 2287, 28283
What are the prime factors of 132299220?
2, 3, 5, 23, 95869
List the prime factors of 2256491502.
2, 3, 125360639
List the prime factors of 230689989.
3, 25632221
What are the prime factors of 1106572669?
1106572669
What are the prime factors of 120649002?
2, 3, 20108167
What are the prime factors of 72540793?
13, 5580061
What are the prime factors of 36020420?
2, 5, 1801021
What are the prime factors of 3120857632?
2, 311, 557, 563
What are the prime factors of 32062201?
32062201
What are the prime factors of 244790477?
31, 1193, 6619
List the prime factors of 736007783.
7, 3823, 3929
What are the prime factors of 164090687?
164090687
What are the prime factors of 275680352?
2, 311, 27701
What are the prime factors of 298491733?
4549, 65617
List the prime factors of 70706379.
3, 29, 812717
List the prime factors of 1415742345.
3, 5, 19, 23, 71993
What are the prime factors of 32864723?
17, 23, 84053
List the prime factors of 128466459.
3, 11, 149, 2903
What are the prime factors of 129378149?
937, 138077
What are the prime factors of 6830823728?
2, 23, 1381, 13441
List the prime factors of 978300986.
2, 13, 5393, 6977
List the prime factors of 237691051.
13, 18283927
List the prime factors of 156221553.
3, 19, 431, 6359
List the prime factors of 3518036116.
2, 7, 23, 31, 313, 563
List the prime factors of 222477139.
222477139
What are the prime factors of 90259215?
3, 5, 19, 316699
What are the prime factors of 341153554?
2, 7, 89, 113, 2423
What are the prime factors of 953003904?
2, 3, 73, 33997
List the prime factors of 3639388639.
21523, 169093
List the prime factors of 1440235218.
2, 3, 3967, 60509
List the prime factors of 66861679.
6047, 11057
List the prime factors of 499818097.
113, 4423169
List the prime factors of 615123073.
263, 2338871
List the prime factors of 312299885.
5, 571, 109387
What are the prime factors of 9582791?
9582791
List the prime factors of 2901611504.
2, 11, 59, 279431
List the prime factors of 33977245.
5, 397, 17117
What are the prime factors of 73080829?
113, 151, 4283
What are the prime factors of 1805305678?
2, 11, 82059349
What are the prime factors of 58102464?
2, 3, 7, 17, 2543
What are the prime factors of 92035554?
2, 3, 13, 239, 4937
What are the prime factors of 571534243?
7, 757, 107857
What are the prime factors of 99810869?
23, 43, 2347
What are the prime factors of 425865732?
2, 3, 2417, 14683
What are the prime factors of 50645131?
113, 448187
What are the prime factors of 2369578759?
73, 97, 163, 2053
What are the prime factors of 136582179?
3, 389, 117037
What are the prime factors of 42421057?
7, 6060151
List the prime factors of 17271101.
101, 271, 631
What are the prime factors of 4561185541?
11, 414653231
List the prime factors of 366308358.
2, 3, 13, 4696261
List the prime factors of 93146539.
93146539
List the prime factors of 20611771.
461, 44711
What are the prime factors of 95944828?
2, 7, 3426601
What are the prime factors of 1262788510?
2, 5, 4723, 26737
What are the prime factors of 137595220?
2, 5, 7, 67, 14669
List the prime factors of 45344866.
2, 7, 113, 28663
What are the prime factors of 323892755?
5, 17, 3810503
List the prime factors of 253503168.
2, 3, 19, 69491
List the prime factors of 187265798.
2, 93632899
What are the prime factors of 39722597?
19, 683, 3061
List the prime factors of 200971882.
2, 100485941
What are the prime factors of 2740599178?
2, 19, 23, 229, 13693
List the prime factors of 39573273.
3, 13191091
What are the prime factors of 116623609?
116623609
List the prime factors of 1732294673.
1732294673
List the prime factors of 1760765071.
13, 83, 1093, 1493
What are the prime factors of 1246361761?
37, 71, 474443
List the prime factors of 615737214.
2, 3, 1266949
List the prime factors of 820603253.
4391, 186883
What are the prime factors of 924075404?
2, 7, 31, 109, 9767
What are the prime factors of 96379079?
89, 1082911
What are the prime factors of 24743856?
2, 3, 277, 1861
List the prime factors of 100843376.
2, 6302711
What are the prime factors of 1468543290?
2, 3, 5, 2749, 17807
List the prime factors of 2657407791.
3, 181, 4893937
List the prime factors of 1851554108.
2, 107, 199, 21739
What are the prime factors of 4148108770?
2, 5, 13, 31908529
What are the prime factors of 81115964?
2, 31, 654161
What are the prime factors of 158640837?
3, 887, 59617
What are the prime factors of 39987489?
3, 31, 429973
What are the prime factors of 514026229?
17, 1163, 25999
What are the prime factors of 7081436?
2, 53, 33403
List the prime factors of 54977509.
54977509
List the prime factors of 89375658.
2, 3, 19, 41263
What are the prime factors of 61190137?
61, 103, 9739
What are the prime factors of 72082823?
72082823
What are the prime factors of 3597006632?
2, 31, 47, 308597
List the prime factors of 915146494.
2, 23, 47, 423287
List the prime factors of 289024346.
2, 13, 31, 358591
What a